In base 4, what is -31102 - -20320?
-10122
In base 13, what is -28c77 - 5?
-28c7c
In base 12, what is 11584 - 18?
11568
In base 6, what is 154 + 120423?
121021
In base 10, what is -12115 + 24?
-12091
In base 2, what is -101000101000001101 - -101?
-101000101000001000
In base 15, what is -3 + -2e84?
-2e87
In base 13, what is -4 + -24a7?
-24ab
In base 7, what is 1510155 - 2?
1510153
In base 4, what is 102 + -333222011?
-333221303
In base 12, what is 16 - 8a924?
-8a90a
In base 10, what is 10 + 67133?
67143
In base 2, what is -111000001 - -1000110110101?
111111110100
In base 10, what is -4 - -363204?
363200
In base 8, what is 0 + -452516?
-452516
In base 15, what is 0 + 5ea39?
5ea39
In base 5, what is -13 - -101123?
101110
In base 14, what is -1653 - 82?
-16d5
In base 16, what is -1a40 + -18?
-1a58
In base 14, what is -a + -4d33?
-4d3d
In base 11, what is 96 + 1669?
1754
In base 15, what is 0 - -940?
940
In base 4, what is 32103 - -3300?
102003
In base 10, what is -25 + 14094?
14069
In base 3, what is 11 - 22012000100?
-22012000012
In base 16, what is -67d + 3?
-67a
In base 16, what is -99e0 + -3?
-99e3
In base 9, what is -25626 - -10?
-25616
In base 12, what is -161 + -6?
-167
In base 16, what is 3 + 1fe2?
1fe5
In base 7, what is -20251 - 43?
-20324
In base 15, what is 3436 - 39?
33ec
In base 6, what is -113 + 152150?
152033
In base 8, what is 3 + 53112?
53115
In base 15, what is 29ed - 0?
29ed
In base 9, what is 14 - -21143?
21157
In base 10, what is 2753593 - -4?
2753597
In base 13, what is -b85c + 7?
-b855
In base 14, what is 227 - -88?
2b1
In base 14, what is -5 + 151c?
1517
In base 3, what is 1011 - 2012100?
-2011012
In base 4, what is -10 + -3231231?
-3231301
In base 3, what is -1 + 2001220222?
2001220221
In base 10, what is -3835 + -13?
-3848
In base 8, what is 75603 + 4?
75607
In base 15, what is 1 + -16d5?
-16d4
In base 10, what is 0 - 12659?
-12659
In base 16, what is -1a + -e38b?
-e3a5
In base 6, what is -1404 - 30?
-1434
In base 10, what is -479 + -58?
-537
In base 12, what is -62287 + -3?
-6228a
In base 12, what is 241 - -57b6?
5a37
In base 4, what is -1101 + -23121?
-30222
In base 7, what is -51 - -34?
-14
In base 3, what is 0 + -102122021021?
-102122021021
In base 15, what is 7544 + -4?
7540
In base 2, what is 10001000001010101110 - 11?
10001000001010101011
In base 5, what is -10 - 21143121?
-21143131
In base 5, what is 243011 + -40?
242421
In base 4, what is -11 - -3303020323?
3303020312
In base 8, what is 10 - -5147?
5157
In base 6, what is -1242324 + 2?
-1242322
In base 9, what is 314 - 445?
-131
In base 14, what is 1cc112 - -5?
1cc117
In base 12, what is b46 - 378?
78a
In base 6, what is -21 + -1351?
-1412
In base 3, what is -22220122101 + -212?
-22220200020
In base 14, what is 7a753 - 4?
7a74d
In base 8, what is -2 + 1640633?
1640631
In base 6, what is 42 + -33310?
-33224
In base 6, what is -34041004 - 1?
-34041005
In base 15, what is -5 + -120aa?
-120b0
In base 5, what is 142042 + 24?
142121
In base 12, what is -4b04 + 13?
-4ab1
In base 10, what is 10 + 7974?
7984
In base 6, what is 5 + 4452001?
4452010
In base 4, what is -10332300 - 10101?
-11003001
In base 11, what is 1 - 23697a?
-236979
In base 12, what is 1b9 + 6a8?
8a5
In base 7, what is -22132 - 146?
-22311
In base 15, what is -6 - 1d40?
-1d46
In base 12, what is -7306 + 5?
-7301
In base 5, what is 22 - 312403?
-312331
In base 4, what is -1113310033 - 3?
-1113310102
In base 2, what is 10101101001 - -111?
10101110000
In base 12, what is -3 - -6271?
626a
In base 12, what is 2 + -1331?
-132b
In base 11, what is -23 - -11942?
1191a
In base 12, what is -a38 - -aa?
-94a
In base 3, what is -120200 - 10012200?
-10210100
In base 13, what is -b - c6960?
-c696b
In base 10, what is -16402 + -11?
-16413
In base 13, what is 2 + 199c?
19a1
In base 11, what is -99538 + 8?
-99530
In base 7, what is -1 + -212001?
-212002
In base 12, what is -14b4 - -12b?
-1385
In base 16, what is 6f4 - f?
6e5
In base 5, what is 2 - 13143302?
-13143300
In base 12, what is -b + 412a?
411b
In base 7, what is -134226 + -1?
-134230
In base 14, what is -8 + 1aa9c?
1aa94
In base 16, what is 4 - b8e41?
-b8e3d
In base 9, what is -4 + -4480?
-4484
In base 13, what is c528 + 1?
c529
In base 14, what is -1c949 - -29?
-1c920
In base 5, what is -200411 + -1111?
-202022
In base 5, what is 3 - 344120?
-344112
In base 12, what is 2 + 47?
49
In base 3, what is -2202122000 - 2?
-2202122002
In base 10, what is 118226 + -17?
118209
In base 12, what is 191b98 - 3?
191b95
In base 15, what is -717 + 21?
-6e6
In base 16, what is 0 - 2626?
-2626
In base 9, what is 1 + -14572?
-14571
In base 7, what is 15 + 36526?
36544
In base 4, what is -10233021 + -10?
-10233031
In base 15, what is -38e + -6?
-395
In base 6, what is 12305 - -131?
12440
In base 14, what is b60 + 7?
b67
In base 12, what is -19 + 8127?
810a
In base 13, what is -17 + 75?
5b
In base 4, what is -1 - 31103002?
-31103003
In base 11, what is 73 - -1259?
1321
In base 12, what is 9 - -770?
779
In base 15, what is 4 + 5bd4?
5bd8
In base 14, what is -2cc26 + -3?
-2cc29
In base 9, what is 0 + -7846?
-7846
In base 13, what is -c0 + -1635?
-1725
In base 14, what is -5b + -374?
-3d1
In base 5, what is -3 - -142120?
142112
In base 9, what is 10217 - -506?
10724
In base 11, what is -524543 - -3?
-524540
In base 15, what is -3b + 13d9?
139d
In base 11, what is -114a9 + -5?
-11503
In base 2, what is 100000000100011111 - -100100?
100000000101000011
In base 3, what is -10011 + 200200001?
200112220
In base 14, what is -2d75 + -278?
-320d
In base 14, what is 2 - 39556?
-39554
In base 16, what is -ae - -4e0b?
4d5d
In base 9, what is -7 - -178714?
178706
In base 3, what is -2212112 - 110121?
-10100010
In base 12, what is -281 - 172?
-433
In base 14, what is -3 + -315aa?
-315ad
In base 2, what is 1101101111110 + -1?
1101101111101
In base 11, what is -571674 + 3?
-571671
In base 5, what is -1 - -1334304?
1334303
In base 10, what is -38 + 4280?
4242
In base 3, what is 1 - 2111102021?
-2111102020
In base 3, what is -122011100 - 2?
-122011102
In base 16, what is -ad + 48?
-65
In base 16, what is -16 + -79e?
-7b4
In base 12, what is 2 + 144a3?
144a5
In base 14, what is -25da - -dc?
-24dc
In base 7, what is -36 + -102?
-141
In base 6, what is 5435134 + -11?
5435123
In base 16, what is 86 - -2f5?
37b
In base 12, what is 40570 + -2?
4056a
In base 7, what is -514 - 164?
-1011
In base 11, what is 3 - 15416?
-15413
In base 2, what is 1010001010111 - -1101000?
1010010111111
In base 7, what is -50 - 3214?
-3264
In base 11, what is -140 - 3406?
-3546
In base 11, what is 3a - -14a6?
1535
In base 4, what is 202321 + 113?
203100
In base 7, what is 144646 - -36?
145015
In base 16, what is -18 - -c2?
aa
In base 12, what is -27b - 152?
-411
In base 13, what is a9 - -523?
5cc
In base 13, what is -287986 + -1?
-287987
In base 6, what is -1555335 + -5?
-1555344
In base 7, what is -4 + 1406262?
1406255
In base 14, what is -4 + 30507?
30503
In base 3, what is 2022 - 2022010102?
-2022001010
In base 15, what is -5a5e + -a?
-5a69
In base 4, what is -1320332101 - -2?
-1320332033
In base 13, what is -38 - -233c8?
23390
In base 15, what is 2c1 - 2c?
294
In base 11, what is 2 + 75296?
75298
In base 12, what is 3560 - -24?
3584
In base 3, what is -122221102 - 101?
-122221210
In base 15, what is -2 + -d79d7?
-d79d9
In base 12, what is 4 + 515427?
51542b
In base 10, what is -1 - 12796?
-12797
In base 6, what is -442 - -122?
-320
In base 3, what is 212010 + -101002?
111001
In base 3, what is -2 - -101001112200?
101001112121
In base 8, what is 4 + 4065120?
4065124
In base 3, what is 1020102100 + 222?
1020110022
In base 16, what is -7ae88 + 2?
-7ae86
In base 4, what is -121 - 13?
-200
In base 10, what is -31 - 4163?
-4194
In base 10, what is 5775 - 16?
5759
In base 12, what is -122 + a1?
-41
In base 8, what is 6213 + 106?
6321
In base 10, what is 5 - -22970?
22975
In base 2, what is 101011 + 11000111001?
11001100100
In base 16, what is 1dbe + 3?
1dc1
In base 9, what is 110 - -7114?
7224
In base 10, what is 180 + -259?
-79
In base 11, what is 0 + -56299?
-56299
In base 15, what is -843a5 - 0?
-843a5
In base 10, what is 3 - -20139?
20142
In base 14, what is 14 + -7ab?
-797
In base 11, what is 2393 - -18?
2400
In base 16, wh